{"version":"1.0","provider_name":"YogaYogi Magyarorsz\u00e1g","provider_url":"https:\/\/www.yogayogi.hu\/hu","author_name":"anna","author_url":"https:\/\/www.yogayogi.hu\/hu\/author\/anna\/","title":"Heti programaj\u00e1nl\u00f3 (j\u00falius 29-augusztus 4.) \u2013 Ind\u00edtsd helyesen az augusztust! &#8212; YogaYogi Magyarorsz\u00e1g","type":"rich","width":600,"height":338,"html":"<blockquote class=\"wp-embedded-content\" data-secret=\"AiwiHPlBpA\"><a href=\"https:\/\/www.yogayogi.hu\/hu\/news\/heti-programajanlo-julius-29-augusztus-4\/\">Heti programaj\u00e1nl\u00f3 (j\u00falius 29-augusztus 4.) \u2013 Ind\u00edtsd helyesen az augusztust!<\/a><\/blockquote><iframe sandbox=\"allow-scripts\" security=\"restricted\" src=\"https:\/\/www.yogayogi.hu\/hu\/news\/heti-programajanlo-julius-29-augusztus-4\/embed\/#?secret=AiwiHPlBpA\" width=\"600\" height=\"338\" title=\"&#8220;Heti programaj\u00e1nl\u00f3 (j\u00falius 29-augusztus 4.) \u2013 Ind\u00edtsd helyesen az augusztust!&#8221; &#8212; YogaYogi Magyarorsz\u00e1g\" data-secret=\"AiwiHPlBpA\" frameborder=\"0\" marginwidth=\"0\" marginheight=\"0\" scrolling=\"no\" class=\"wp-embedded-content\"><\/iframe><script type=\"text\/javascript\">\n\/* <![CDATA[ *\/\n\/*! This file is auto-generated *\/\n!function(d,l){\"use strict\";l.querySelector&&d.addEventListener&&\"undefined\"!=typeof URL&&(d.wp=d.wp||{},d.wp.receiveEmbedMessage||(d.wp.receiveEmbedMessage=function(e){var t=e.data;if((t||t.secret||t.message||t.value)&&!\/[^a-zA-Z0-9]\/.test(t.secret)){for(var s,r,n,a=l.querySelectorAll('iframe[data-secret=\"'+t.secret+'\"]'),o=l.querySelectorAll('blockquote[data-secret=\"'+t.secret+'\"]'),c=new RegExp(\"^https?:$\",\"i\"),i=0;i<o.length;i++)o[i].style.display=\"none\";for(i=0;i<a.length;i++)s=a[i],e.source===s.contentWindow&&(s.removeAttribute(\"style\"),\"height\"===t.message?(1e3<(r=parseInt(t.value,10))?r=1e3:~~r<200&&(r=200),s.height=r):\"link\"===t.message&&(r=new URL(s.getAttribute(\"src\")),n=new URL(t.value),c.test(n.protocol))&&n.host===r.host&&l.activeElement===s&&(d.top.location.href=t.value))}},d.addEventListener(\"message\",d.wp.receiveEmbedMessage,!1),l.addEventListener(\"DOMContentLoaded\",function(){for(var e,t,s=l.querySelectorAll(\"iframe.wp-embedded-content\"),r=0;r<s.length;r++)(t=(e=s[r]).getAttribute(\"data-secret\"))||(t=Math.random().toString(36).substring(2,12),e.src+=\"#?secret=\"+t,e.setAttribute(\"data-secret\",t)),e.contentWindow.postMessage({message:\"ready\",secret:t},\"*\")},!1)))}(window,document);\n\/* ]]> *\/\n<\/script>\n","thumbnail_url":"https:\/\/www.yogayogi.hu\/hu\/wp-content\/uploads\/2021\/07\/heti-programajanlo-2.jpg","thumbnail_width":600,"thumbnail_height":300,"description":"\u00daj h\u00f3nap, \u00faj kezdetek! Ha eddig nem j\u00f3g\u00e1zt\u00e1l, a heti programaj\u00e1nl\u00f3 seg\u00edt olyan esem\u00e9nyt tal\u00e1lni, ahol elindulhatsz a j\u00f3gaf\u00fcgg\u0151v\u00e9 v\u00e1l\u00e1s \u00fatj\u00e1n. Ny\u00edlt nap, piknik, medit\u00e1ci\u00f3: mindenki megtal\u00e1lhatja azt, ami a kedv\u00e9re val\u00f3."}

YogaYogi Magyarország

Heti programajánló (július 29-augusztus 4.) – Indítsd helyesen az augusztust! &#8212; YogaYogi Magyarország

<blockquote class="wp-embedded-content" data-secret="AiwiHPlBpA"><a href="https://www.yogayogi.hu/hu/news/heti-programajanlo-julius-29-augusztus-4/">Heti programajánló (július 29-augusztus 4.) – Indítsd helyesen az augusztust!</a></blockquote><iframe sandbox="allow-scripts" security="restricted" src="https://www.yogayogi.hu/hu/news/heti-programajanlo-julius-29-augusztus-4/embed/#?secret=AiwiHPlBpA" width="600" height="338" title="&#8220;Heti programajánló (július 29-augusztus 4.) – Indítsd helyesen az augusztust!&#8221; &#8212; YogaYogi Magyarország" data-secret="AiwiHPlBpA" frameborder="0" marginwidth="0" marginheight="0" scrolling="no" class="wp-embedded-content"></iframe><script type="text/javascript">
/* <![CDATA[ */
/*! This file is auto-generated */
!function(d,l){"use strict";l.querySelector&&d.addEventListener&&"undefined"!=typeof URL&&(d.wp=d.wp||{},d.wp.receiveEmbedMessage||(d.wp.receiveEmbedMessage=function(e){var t=e.data;if((t||t.secret||t.message||t.value)&&!/[^a-zA-Z0-9]/.test(t.secret)){for(var s,r,n,a=l.querySelectorAll('iframe[data-secret="'+t.secret+'"]'),o=l.querySelectorAll('blockquote[data-secret="'+t.secret+'"]'),c=new RegExp("^https?:$","i"),i=0;i<o.length;i++)o[i].style.display="none";for(i=0;i<a.length;i++)s=a[i],e.source===s.contentWindow&&(s.removeAttribute("style"),"height"===t.message?(1e3<(r=parseInt(t.value,10))?r=1e3:~~r<200&&(r=200),s.height=r):"link"===t.message&&(r=new URL(s.getAttribute("src")),n=new URL(t.value),c.test(n.protocol))&&n.host===r.host&&l.activeElement===s&&(d.top.location.href=t.value))}},d.addEventListener("message",d.wp.receiveEmbedMessage,!1),l.addEventListener("DOMContentLoaded",function(){for(var e,t,s=l.querySelectorAll("iframe.wp-embedded-content"),r=0;r<s.length;r++)(t=(e=s[r]).getAttribute("data-secret"))||(t=Math.random().toString(36).substring(2,12),e.src+="#?secret="+t,e.setAttribute("data-secret",t)),e.contentWindow.postMessage({message:"ready",secret:t},"*")},!1)))}(window,document);
/* ]]> */
</script>

Új hónap, új kezdetek! Ha eddig nem jógáztál, a heti programajánló segít olyan eseményt találni, ahol elindulhatsz a jógafüggővé válás útján. Nyílt nap, piknik, meditáció: mindenki megtalálhatja azt, ami a kedvére való.
